{"id":139,"date":"2016-01-26T08:19:28","date_gmt":"2016-01-26T08:19:28","guid":{"rendered":"http:\/\/kstango:8888\/?page_id=139"},"modified":"2017-12-16T08:01:20","modified_gmt":"2017-12-16T08:01:20","slug":"trainingsmoglichkeiten","status":"publish","type":"page","link":"https:\/\/www.ks-tango.com\/?page_id=139","title":{"rendered":"Trainingsm\u00f6glichkeiten"},"content":{"rendered":"<p>Es gibt 3 Trainingsm\u00f6glichkeiten mit Konstantin &amp; Sabine:<\/p>\n<p>1. Privatstunden\u00a0 \/\u00a0 2. Teilnahme an einzelnen Kurseinheiten\u00a0 \/\u00a0 3. Kleingruppenunterricht (F\u00fcr 2 Paare)<\/p>\n<p>Termine:<\/p>\n<p>zu 1.) Privatstunden k\u00f6nnen individuell abgesprochen, und vereinbart werden.<\/p>\n<p>zu 2.) Die w\u00f6chentlichen Kurseinheiten finden in der Regel Dienstags von 20:00 bis 21:30 statt.<\/p>\n<p>zu 3.) Kleingruppenunterricht kann individuell abgesprochen, und vereinbart werden.<\/p>\n<p>Dauer:<\/p>\n<p>zu 1.) 60 Min. pro Einheit\u00a0 \/\u00a0 zu 2.) 90 Min. pro Einheit\u00a0 \/\u00a0 zu3.) 60 Min. pro Einheit<\/p>\n<p>Preis:<\/p>\n<p>zu 1.) \u20ac 60,&#8211; (1, oder 2 Personen)\u00a0 \/\u00a0 zu 2.) \u20ac 20,&#8211; pro Person\u00a0 \/\u00a0 zu 3.) \u20ac 100,&#8211; ( F\u00fcr 2 Paare)<\/p>\n<p>Ort:<\/p>\n<p>zu 1.)\u00a0 individuell in Privatr\u00e4umen\u00a0 \/\u00a0 zu 2.) In einem Raum der Paulusgemeinde\u00a0 \/\u00a0 zu 3.) In einem Raum der Paulusgemeinde<\/p>\n<p>Thema:<\/p>\n<p>zu 1.) Wunschthema\u00a0 \/\u00a0 zu 2.) Thema der Kurseinheit\u00a0 \/\u00a0 zu 3.) Wunschthema<\/p>\n<p><a class=\"button radius\" href=\"mailto:tanz@ks-tango.com\">Anmeldung<\/a><\/p>\n<p><!--more--><\/p>\n","protected":false},"excerpt":{"rendered":"<p>Es gibt 3 Trainingsm\u00f6glichkeiten mit Konstantin &amp; Sabine: 1. Privatstunden\u00a0 \/\u00a0 2. Teilnahme an einzelnen Kurseinheiten\u00a0 \/\u00a0 3. Kleingruppenunterricht (F\u00fcr 2 Paare) Termine: zu 1.) Privatstunden k\u00f6nnen individuell abgesprochen, und vereinbart werden. zu 2.) Die w\u00f6chentlichen Kurseinheiten finden in der Regel Dienstags von 20:00 bis 21:30 statt. zu 3.) Kleingruppenunterricht kann individuell abgesprochen, und vereinbart [&hellip;]<\/p>\n","protected":false},"author":1,"featured_media":101,"parent":112,"menu_order":0,"comment_status":"closed","ping_status":"closed","template":"template-full.php","meta":[],"jetpack_sharing_enabled":false,"jetpack_shortlink":"https:\/\/wp.me\/P7e1Pp-2f","_links":{"self":[{"href":"https:\/\/www.ks-tango.com\/index.php?rest_route=\/wp\/v2\/pages\/139"}],"collection":[{"href":"https:\/\/www.ks-tango.com\/index.php?rest_route=\/wp\/v2\/pages"}],"about":[{"href":"https:\/\/www.ks-tango.com\/index.php?rest_route=\/wp\/v2\/types\/page"}],"author":[{"embeddable":true,"href":"https:\/\/www.ks-tango.com\/index.php?rest_route=\/wp\/v2\/users\/1"}],"replies":[{"embeddable":true,"href":"https:\/\/www.ks-tango.com\/index.php?rest_route=%2Fwp%2Fv2%2Fcomments&post=139"}],"version-history":[{"count":13,"href":"https:\/\/www.ks-tango.com\/index.php?rest_route=\/wp\/v2\/pages\/139\/revisions"}],"predecessor-version":[{"id":630,"href":"https:\/\/www.ks-tango.com\/index.php?rest_route=\/wp\/v2\/pages\/139\/revisions\/630"}],"up":[{"embeddable":true,"href":"https:\/\/www.ks-tango.com\/index.php?rest_route=\/wp\/v2\/pages\/112"}],"wp:featuredmedia":[{"embeddable":true,"href":"https:\/\/www.ks-tango.com\/index.php?rest_route=\/wp\/v2\/media\/101"}],"wp:attachment":[{"href":"https:\/\/www.ks-tango.com\/index.php?rest_route=%2Fwp%2Fv2%2Fmedia&parent=139"}],"curies":[{"name":"wp","href":"https:\/\/api.w.org\/{rel}","templated":true}]}}